 divide 1825?
False
Is 11 a factor of 7277?
False
Is 41 a multiple of 3?
False
Is 5524 a multiple of 15?
False
Is 1526 a multiple of 14?
True
Does 66 divide 31812?
True
Is 72 a multiple of 18?
True
Is 850 a multiple of 21?
False
Does 3 divide 555?
True
Is 184 a multiple of 10?
False
Is 1146 a multiple of 13?
False
Is 2659 a multiple of 8?
False
Is 26 a factor of 8790?
False
Is 224 a multiple of 28?
True
Is 9520 a multiple of 119?
True
Does 29 divide 348?
True
Is 4732 a multiple of 52?
True
Is 50282 a multiple of 93?
False
Is 13 a factor of 20957?
False
Is 22427 a multiple of 108?
False
Is 116144 a multiple of 244?
True
Does 2 divide 13331?
False
Does 38 divide 1564?
False
Is 20 a factor of 5647?
False
Is 70470 a multiple of 174?
True
Does 9 divide 3295?
False
Is 77 a factor of 453?
False
Is 23 a factor of 22724?
True
Is 1137 even?
False
Does 4 divide 77?
False
Is 721 a multiple of 60?
False
Is 3567 a multiple of 13?
False
Does 9 divide 243?
True
Does 69 divide 552?
True
Is 13 a factor of 169?
True
Is 26 a factor of 494?
True
Does 36 divide 6186?
False
Does 12 divide 1853?
False
Does 9 divide 16?
False
Is 15370 a multiple of 5?
True
Is 55 a factor of 8030?
True
Is 12 a factor of 933?
False
Is 19 a factor of 1145?
False
Does 106 divide 33284?
True
Is 44 a factor of 380?
False
Is 262 a multiple of 5?
False
Is 290 a multiple of 10?
True
Is 8 a factor of 658?
False
Is 4446 a multiple of 3?
True
Is 1248 a multiple of 6?
True
Does 86 divide 1892?
True
Is 23 a factor of 9062?
True
Is 13 a factor of 6110?
True
Is 18 a factor of 5602?
False
Is 1458 a multiple of 81?
True
Does 12 divide 16041?
False
Is 26 a factor of 9211?
False
Is 2040 a multiple of 24?
True
Is 6612 a multiple of 58?
True
Is 6324 a multiple of 204?
True
Does 181 divide 16058?
False
Does 153 divide 40262?
False
Is 185568 a multiple of 96?
True
Does 3 divide 660?
True
Does 37 divide 20276?
True
Does 93 divide 3161?
False
Does 11 divide 77?
True
Does 4 divide 623?
False
Is 984 a multiple of 8?
True
Is 2571 a multiple of 46?
False
Is 7 a factor of 126?
True
Is 7 a factor of 42833?
True
Does 8 divide 616?
True
Is 23 a factor of 138?
True
Is 63686 a multiple of 12?
False
Is 731 a multiple of 46?
False
Is 49 a factor of 12559?
False
Is 14 a factor of 139786?
False
Is 77 a factor of 1683?
False
Does 22 divide 462?
True
Is 650 a multiple of 10?
True
Is 47 a factor of 123?
False
Is 8 a factor of 1987?
False
Does 26 divide 15745?
False
Is 29 a factor of 1363?
True
Is 6 a factor of 246?
True
Is 109 a factor of 2834?
True
Is 74 a factor of 222?
True
Is 42 a factor of 643?
False
Is 50 a factor of 114578?
False
Does 39 divide 979?
False
Is 17 a factor of 595?
True
Is 2194 a multiple of 27?
False
Is 280 a multiple of 8?
True
Is 3220 a multiple of 115?
True
Is 20 a factor of 32660?
True
Is 7200 a multiple of 25?
True
Is 1744 a multiple of 17?
False
Does 19 divide 608?
True
Does 4 divide 8563?
False
Is 23 a factor of 207?
True
Is 5670 a multiple of 154?
False
Is 4 a factor of 2959?
False
Is 200 a factor of 14000?
True
Does 19 divide 3154?
True
Does 33 divide 45?
False
Is 330 a multiple of 11?
True
Is 52 a factor of 36994?
False
Is 115 a factor of 230?
True
Is 24 a factor of 1848?
True
Is 31 a factor of 238?
False
Is 15610 a multiple of 70?
True
Is 14614 a multiple of 46?
False
Is 97 a factor of 8730?
True
Is 3 a factor of 385?
False
Does 109 divide 5995?
True
Is 33 a factor of 6975?
False
Does 112 divide 59024?
True
Does 8 divide 13640?
True
Is 81 a factor of 8505?
True
Does 12 divide 7248?
True
Is 9 a factor of 198?
True
Is 48 a factor of 240?
True
Is 1432 a multiple of 3?
False
Is 638 a multiple of 29?
True
Is 16927 a multiple of 34?
False
Does 10 divide 252?
False
Does 10 divide 56554?
False
Does 53 divide 22453?
False
Is 35 a factor of 8925?
True
Does 13 divide 390?
True
Does 10 divide 1240?
True
Is 151 a factor of 7701?
True
Does 15 divide 41685?
True
Is 2554 a multiple of 3?
False
Is 45 a factor of 75651?
False
Is 15 a factor of 20415?
True
Is 32536 a multiple of 196?
True
Is 29 a factor of 9570?
True
Is 5 a factor of 1540?
True
Does 27 divide 2835?
True
Does 35 divide 1470?
True
Does 208 divide 38896?
True
Does 53 divide 5226?
False
Is 87 a factor of 915?
False
Is 28 a factor of 9156?
True
Does 3 divide 4226?
False
Does 3 divide 1020?
True
Does 51 divide 26724?
True
Does 126 divide 18144?
True
Is 314 even?
True
Is 27310 a multiple of 199?
False
Is 2270 a multiple of 2?
True
Does 72 divide 4022?
False
Is 46865 a multiple of 43?
False
Is 11 a factor of 297?
True
Is 43 a factor of 34436?
False
Is 12807 a multiple of 42?
False
Is 5458 a multiple of 18?
False
Is 12 a factor of 3180?
True
Is 331 a multiple of 4?
False
Does 24 divide 288?
True
Is 1000 a multiple of 29?
False
Is 17 a factor of 6381?
False
Does 21 divide 18726?
False
Is 43 a factor of 4644?
True
Is 1608 a multiple of 105?
False
Is 15 a factor of 71848?
False
Is 14 a factor of 574?
True
Is 17520 a multiple of 138?
False
Is 89 a factor of 22199?
False
Does 13 divide 23127?
True
Is 14317 a multiple of 14?
False
Is 161 a multiple of 23?
True
Is 62244 a multiple of 38?
True
Is 23 a factor of 28238?
False
Is 1359 a multiple of 9?
True
Is 26 a factor of 2106?
True
Is 40 a factor of 7120?
True
Is 1200 a multiple of 40?
True
Does 27 divide 18271?
False
Is 1274 a multiple of 14?
True
Is 138 a factor of 584?
False
Does 7 divide 105?
True
Does 23 divide 1518?
True
Is 16512 a multiple of 172?
True
Is 5 a factor of 14975?
True
Does 34 divide 1810?
False
Is 14 a factor of 511?
False
Does 15 divide 8367?
False
Is 34 a factor of 6290?
True
Is 1416 a multiple of 68?
False
Is 22 a factor of 50050?
True
Is 83 a factor of 4067?
True
Is 33485 a multiple of 19?
False
Is 1937 a multiple of 11?
False
Is 58 a factor of 3306?
True
Is 861 a multiple of 11?
False
Is 3560 a multiple of 89?
True
Does 3 divide 252?
True
Is 17 a factor of 41021?
True
Is 33 a factor of 1518?
True
Is 1265 a multiple of 55?
True
Does 108 divide 52056?
True
Does 16 divide 2446?
False
Is 11055 a multiple of 9?
False
Is 16928 a multiple of 184?
True
Is 2 a factor of 89?
False
Is 27 a factor of 432?
True
Does 38 divide 1326?
False
Does 49 divide 45210?
False
Is 1023 a multiple of 11?
True
Does 2 divide 274?
True
Is 2267 a multiple of 75?
False
Does 8 divide 71480?
True
Is 2024 a multiple of 22?
True
Is 30 a factor of 11605?
False
Is 31 a factor of 113925?
True
Is 5 a factor of 12630?
True
Is 30 a factor of 270?
True
Is 109 a factor of 3071?
False
Is 95260 a multiple of 20?
True
Is 2170 a multiple of 31?
True
Does 99 divide 76459?
False
Is 488 a multiple of 20?
False
Is 2262 a multiple of 26?
True
Is 8443 a multiple of 15?
False
Is 25 a factor of 42775?
True
Does 347 divide 94880?
False
Does 4 divide 464?
True
Is 110930 a multiple of 335?
False
Is 12 a factor of 37736?
False
Does 46 divide 2082?
False
Is 49 a factor of 1776?
False
Is 20 a factor of 23916?
False
Does 8 divide 43680?
True
Does 72 divide 12011?
False
Is 98 a factor of 195?
False
Is 2264 a multiple of 8?
True
Is 7 a factor of 2795?
False
Is 24349 a multiple of 15?
False
Is 4902 a multiple of 114?
True
Is 10 a factor of 1597?
False
Is 60 a factor of 14700?
True
Does 54 divide 1574?
False
Is 25 a factor of 22457?
False
Does 35 divide 766?
False
Is 32 a factor of 1952?
True
Does 29 divide 3654?
True
Is 44 a factor of 6116?
True
Is 21 a factor of 30273?
False
Is 1107 a multiple of 8?
False
Does 37 divide 1004?
False
Is 3 a factor of 510?
True
Is 18 a factor of 126269?
False
Is 29 a factor of 389?
False
Is 83 a factor of 1992?
True
Is 3809 a multiple of 13?
True
Does 8 divide 3280?
True
Is 490 a multiple of 7?
True
Does 46 divide 58275?
False
Is 1160 a multiple of 58?
True
Does 11 divide 2052?
False
Is 29230 a multiple of 37?
True
Is 17 a factor of 1716?
False
Is 9257 a multiple of 20?
False
Does 7 divide 426?
False
Is 182 a factor of 10999?
False
Does 19 divide 4408?
True
Is 30 a factor of 74340?
True
Is 13 a factor of 962?
True
Does 32 divide 384?
True
Is 246 a multiple of 6?
True
Is 12 a factor of 7292?
False
Is 18 a factor of 1655?
False
Is 52 a factor of 4836?
True
Does 47 divide 19787?
True
Is 12 a factor of 55?
False
Does 80 divide 8880?
True
Is 35763 a multiple of 273?
True
Is 18 a factor of 4816?
False
Is 1222 a multiple of 